mmon divisor of 6068 and 32.
4
Calculate the greatest common factor of 1216 and 532.
76
Calculate the highest common divisor of 23 and 1357.
23
Calculate the highest common factor of 10570 and 84.
14
What is the greatest common divisor of 5390 and 308?
154
What is the highest common factor of 13 and 2483?
13
What is the greatest common divisor of 1716 and 300?
12
Calculate the highest common divisor of 11 and 561.
11
What is the highest common divisor of 128 and 2?
2
What is the greatest common divisor of 48 and 168?
24
Calculate the greatest common factor of 671 and 33.
11
What is the greatest common factor of 485 and 1649?
97
What is the greatest common factor of 2990 and 2300?
230
What is the greatest common divisor of 1118 and 130?
26
Calculate the greatest common factor of 2907 and 17.
17
What is the greatest common factor of 55 and 154?
11
Calculate the highest common factor of 6386 and 341.
31
What is the greatest common factor of 423 and 47?
47
What is the greatest common factor of 884 and 2176?
68
Calculate the highest common factor of 1544 and 3667.
193
What is the highest common divisor of 390 and 104?
26
What is the greatest common factor of 69 and 57?
3
What is the greatest common divisor of 45 and 555?
15
Calculate the highest common divisor of 176 and 4752.
176
Calculate the highest common factor of 35 and 70.
35
What is the highest common factor of 33 and 12?
3
What is the highest common divisor of 7 and 889?
7
Calculate the greatest common divisor of 567 and 99.
9
What is the greatest common divisor of 9 and 423?
9
What is the highest common divisor of 82 and 1886?
82
Calculate the highest common factor of 5300 and 1272.
212
What is the greatest common factor of 16966 and 34?
34
What is the highest common divisor of 28 and 14?
14
Calculate the greatest common divisor of 20 and 15250.
10
Calculate the highest common divisor of 576 and 200.
8
What is the highest common factor of 2278 and 34?
34
What is the greatest common factor of 21 and 15?
3
Calculate the highest common divisor of 744 and 192.
24
What is the greatest common factor of 10 and 945?
5
What is the greatest common factor of 15 and 280?
5
Calculate the greatest common divisor of 242 and 66.
22
Calculate the greatest common divisor of 1595 and 385.
55
Calculate the greatest common factor of 25 and 160.
5
Calculate the greatest common factor of 696 and 1914.
174
Calculate the highest common divisor of 230 and 120.
10
Calculate the greatest common divisor of 380 and 20.
20
What is the highest common divisor of 159 and 15317?
53
Calculate the highest common factor of 38 and 41401.
19
What is the greatest common factor of 484 and 363?
121
What is the greatest common factor of 16 and 752?
16
Calculate the highest common divisor of 69 and 1909.
23
Calculate the greatest common divisor of 16948 and 19.
19
What is the greatest common factor of 12 and 75?
3
What is the highest common divisor of 7 and 18?
1
What is the highest common divisor of 5 and 25?
5
What is the highest common factor of 48 and 216?
24
Calculate the highest common divisor of 2664 and 72.
72
Calculate the highest common factor of 169 and 65.
13
Calculate the greatest common factor of 1547 and 455.
91
What is the highest common divisor of 12125 and 679?
97
Calculate the highest common divisor of 1080 and 80.
40
Calculate the highest common divisor of 144 and 16.
16
What is the highest common factor of 116 and 2407?
29
What is the highest common divisor of 50 and 24025?
25
What is the greatest common factor of 5990 and 30?
10
What is the highest common factor of 1179 and 144?
9
What is the greatest common factor of 456 and 18?
6
What is the greatest common factor of 770 and 1870?
110
What is the greatest common factor of 306 and 144?
18
What is the highest common factor of 1628 and 704?
44
Calculate the highest common divisor of 117 and 2889.
9
Calculate the highest common divisor of 12 and 18.
6
What is the greatest common factor of 96 and 588?
12
Calculate the highest common factor of 1 and 241.
1
Calculate the greatest common factor of 47 and 12267.
47
What is the highest common divisor of 1813 and 147?
49
Calculate the highest common factor of 90 and 9810.
90
What is the highest common divisor of 882 and 392?
98
Calculate the greatest common factor of 36 and 765.
9
Calculate the greatest common divisor of 168 and 252.
84
What is the greatest common divisor of 1104 and 23?
23
Calculate the highest common divisor of 16 and 162.
2
Calculate the highest common factor of 840 and 224.
56
What is the highest common divisor of 84 and 8092?
28
What is the highest common divisor of 1472 and 184?
184
Calculate the greatest common factor of 200 and 5.
5
What is the highest common factor of 7857 and 81?
81
Calculate the greatest common factor of 517 and 88.
11
What is the highest common factor of 26 and 10?
2
What is the highest common factor of 54 and 18?
18
What is the highest common factor of 82 and 9102?
82
What is the greatest common factor of 242 and 1133?
11
Calculate the greatest common factor of 2050 and 100.
50
Calculate the greatest common divisor of 2 and 5.
1
What is the greatest common divisor of 1430 and 110?
110
What is the greatest common factor of 66 and 495?
33
Calculate the highest common factor of 9 and 4203.
9
What is the greatest common divisor of 86315 and 305?
305
What is the highest common factor of 16 and 584?
8
What is the highest common divisor of 816 and 48?
48
Calculate the greatest common divisor of 13488 and 96.
48
Calculate the greatest common divisor of 641 and 1.
1
Calculate the greatest common factor of 56 and 4396.
28
Calculate the greatest common factor of 20 and 740.
20
What is the greatest common divisor of 69 and 6141?
69
Calculate the greatest common divisor of 2289 and 21.
21
What is the greatest common divisor of 396 and 25938?
198
Calculate the highest common divisor of 406 and 14.
14
Calculate the greatest common divisor of 252 and 28.
28
Calculate the greatest common factor of 3048 and 24.
24
Calculate the greatest common divisor of 71800 and 359.
359
What is the greatest common factor of 2 and 3602?
2
What is the greatest common factor of 36 and 1764?
36
Calculate the highest common divisor of 100 and 25.
25
Calculate the greatest common factor of 8 and 49.
1
Calculate the highest common factor of 2124 and 8.
4
Calculate the greatest common factor of 152 and 950.
38
Calculate the greatest common factor of 66 and 7458.
66
What is the greatest common divisor of 26 and 54?
2
Calculate the highest common factor of 32 and 944.
16
What is the greatest common divisor of 9 and 3258?
9
What is the greatest common factor of 539 and 55?
11
Calculate the greatest common divisor of 19187 and 7.
7
Calculate the highest common divisor of 5700 and 20.
20
What is the highest common factor of 495 and 8019?
99
What is the greatest common divisor of 400 and 950?
50
What is the highest common factor of 486 and 126?
18
What is the greatest common divisor of 57 and 703?
19
What is the highest common divisor of 376 and 423?
47
Calculate the highest common factor of 4 and 20.
4
What is the greatest common factor of 20 and 80?
20
What is the greatest common factor of 150 and 30?
30
What is the highest common factor of 1284 and 12?
12
What is the highest common factor of 29350 and 100?
50
Calculate the highest common divisor of 2390 and 10.
10
Calculate the highest common divisor of 741 and 399.
57
Calculate the greatest common factor of 3996 and 540.
108
Calculate the greatest common factor of 654 and 30411.
327
Calculate the greatest common factor of 4482 and 54.
54
Calculate the highest common divisor of 129 and 591.
3
What is the highest common divisor of 329 and 35?
7
What is the greatest common divisor of 1824 and 950?
38
Calculate the greatest common divisor of 960 and 270.
30
What is the greatest common divisor of 416 and 13?
13
What is the highest common factor of 245 and 840?
35
Calculate the highest common factor of 14 and 175.
7
Calculate the highest common divisor of 78 and 60.
6
What is the greatest common divisor of 12 and 3252?
12
What is the highest common factor of 1089 and 9559?
121
Calculate the highest common factor of 210 and 2590.
70
Calculate the greatest common fact